n base 12, what is aa60b + -126?
aa4a5
In base 9, what is -5 - 5654336?
-5654342
In base 16, what is -c74aef - -5?
-c74aea
In base 7, what is 0 + 2503145114?
2503145114
In base 11, what is -271380 + 1?
-27137a
In base 4, what is 21203132100 + 21?
21203132121
In base 2, what is 110101011010010111111 - -101?
110101011010011000100
In base 15, what is -20b - 52a?
-736
In base 4, what is -122331103101 + 11?
-122331103030
In base 6, what is 20254113521 + -1?
20254113520
In base 7, what is 340 + -35643?
-35303
In base 8, what is 4 + -3674225?
-3674221
In base 6, what is 3345135154 - -5?
3345135203
In base 5, what is -224413203220 - 10?
-224413203230
In base 10, what is 381281 - 1212?
380069
In base 16, what is -3b - -3b1254?
3b1219
In base 10, what is 78003 + -914?
77089
In base 11, what is 5648 - 6599?
-a51
In base 6, what is 133 + 3451023?
3451200
In base 8, what is -2 + -335067150?
-335067152
In base 13, what is -8a3c558 + -3?
-8a3c55b
In base 11, what is 11a - 460557?
-460438
In base 6, what is 440041333 - 15?
440041314
In base 3, what is -1100020000022101012 + 10?
-1100020000022101002
In base 6, what is 33521352143 + -2?
33521352141
In base 8, what is 5 + 30310574?
30310601
In base 15, what is -9a9 - e9db?
-10495
In base 7, what is -3433432301 + 1?
-3433432300
In base 8, what is -7 + -66357323?
-66357332
In base 4, what is 11131122311 + -2211?
11131120100
In base 12, what is -6 + 8413?
8409
In base 13, what is -12558a - -15?
-125575
In base 3, what is 1 - 1200122200202221?
-1200122200202220
In base 16, what is -2bed45 - -2?
-2bed43
In base 14, what is 730 + -11471?
-10b41
In base 12, what is -2b7 + 4a0?
1a5
In base 14, what is -b - 6a880b4?
-6a880c1
In base 16, what is 3b558 + a?
3b562
In base 15, what is 18 - b8c43?
-b8c2a
In base 13, what is 1630a29c - 0?
1630a29c
In base 13, what is 16a0362b + 8?
16a03636
In base 13, what is 52 - -52b4?
5336
In base 15, what is -4ce737 + 9a?
-4ce68c
In base 8, what is -77 - 401526?
-401625
In base 3, what is 102212102011211 + -11?
102212102011200
In base 10, what is -116218 + 5?
-116213
In base 7, what is 4 - 34303260?
-34303253
In base 10, what is 0 + 3616898?
3616898
In base 5, what is -10113423 - -1122?
-10112301
In base 4, what is 1210113220323 - 13?
1210113220310
In base 8, what is 1 - -706167?
706170
In base 9, what is 11 + -31055241?
-31055230
In base 2, what is -1100001110 + 1011000001011100110?
1010111111111011000
In base 9, what is 0 - -3500784?
3500784
In base 7, what is 2663244526 - -1?
2663244530
In base 11, what is -5 - 33a082?
-33a087
In base 7, what is -4 + 10163430612?
10163430605
In base 4, what is -32 - -312103313211?
312103313113
In base 13, what is -316 + 643a?
6124
In base 11, what is 587a21 - -13?
587a34
In base 3, what is 22 - 1212212102201202?
-1212212102201110
In base 10, what is -48556 + 85?
-48471
In base 3, what is -112000120111 + 101?
-112000120010
In base 12, what is -90378744 + -4?
-90378748
In base 8, what is 3515022131 + 0?
3515022131
In base 4, what is 13320323311032 - 3?
13320323311023
In base 16, what is -235059 + -9?
-235062
In base 7, what is 40 - 1261125?
-1261055
In base 5, what is 14311341201 + 103?
14311341304
In base 13, what is 19745 - -c15?
1a65a
In base 7, what is 3 - 33436463?
-33436460
In base 8, what is -136322 - 21?
-136343
In base 7, what is -4340032 + -1?
-4340033
In base 7, what is 61463 - -1113?
62606
In base 4, what is 2313023023021 - 11?
2313023023010
In base 3, what is 2 + 111211122220111?
111211122220120
In base 2, what is 100 + -1001000000101011110110011?
-1001000000101011110101111
In base 10, what is 69401 + -19?
69382
In base 9, what is -454 + 17314?
16750
In base 5, what is -34142010 + 140?
-34141320
In base 12, what is 3a23799 - -9?
3a237a6
In base 7, what is -4114 - 33326?
-40443
In base 13, what is 3 + 209174?
209177
In base 7, what is 265 - -43612?
44210
In base 6, what is -3014543 - -15?
-3014524
In base 5, what is -23041304102 - -1?
-23041304101
In base 7, what is 110530 + 1?
110531
In base 8, what is 136 - -167000?
167136
In base 2, what is -1 - -1111001000001000111100101?
1111001000001000111100100
In base 12, what is 498 + 196522?
1969ba
In base 7, what is -244545042 - 0?
-244545042
In base 12, what is -5 - 7a376?
-7a37b
In base 7, what is 0 - -52100651?
52100651
In base 11, what is -83a1 - 1828?
-a119
In base 6, what is 212 - 220344155?
-220343543
In base 8, what is 7177 - 1570565?
-1561366
In base 3, what is -101 - -220002210120101?
220002210120000
In base 12, what is b + 15a160ab?
15a160ba
In base 11, what is 3097949 + 3?
3097951
In base 10, what is 32286 + -36?
32250
In base 8, what is 11753 - 456?
11275
In base 2, what is 101 + 100101001100000000000?
100101001100000000101
In base 13, what is 23 - -715161?
715184
In base 10, what is 878 + 3789?
4667
In base 2, what is -10000110011101 - 1111011001?
-10010101110110
In base 8, what is -6425053 - 34?
-6425107
In base 2, what is 11100011101101110000000001 - -1001?
11100011101101110000001010
In base 7, what is 23021 + 31622?
54643
In base 4, what is -311011301321 - -2?
-311011301313
In base 14, what is -cd0 - -b8?
-c16
In base 11, what is 125a4 - 39805?
-27211
In base 7, what is -1 + 111240033?
111240032
In base 7, what is -12301554 - -5?
-12301546
In base 16, what is -cb5 + 531?
-784
In base 7, what is 1 + -336524332?
-336524331
In base 10, what is 658346 + -51?
658295
In base 11, what is -7a8 - -248693?
247996
In base 5, what is 1222322 - -220?
1223042
In base 10, what is -18379 - 237?
-18616
In base 8, what is 167525356 - 5?
167525351
In base 7, what is -2 + -20156010?
-20156012
In base 10, what is 37302 + 265?
37567
In base 4, what is 11322 - 20011331?
-20000003
In base 4, what is -21130 - 122113132?
-122200322
In base 7, what is -1164310 + -32?
-1164342
In base 14, what is -23 + -392c6?
-39309
In base 16, what is a71ab7 + -7?
a71ab0
In base 11, what is -412 - -120692?
120280
In base 10, what is -35854 - -586?
-35268
In base 5, what is 13323 + -4020144?
-4001321
In base 9, what is -1656117 + 60?
-1656047
In base 8, what is 1 - 3154367?
-3154366
In base 8, what is -535 + -65151?
-65706
In base 16, what is 9 - -98ca8?
98cb1
In base 14, what is 5 + -32b6279?
-32b6274
In base 4, what is 221312111310132 - -3?
221312111310201
In base 2, what is 10000100010110010000 + -1?
10000100010110001111
In base 3, what is 1220 - 100000202012?
-100000200022
In base 9, what is -13067806 + 0?
-13067806
In base 4, what is 322102 + -13023?
303013
In base 11, what is 34a4a672 + 6?
34a4a678
In base 10, what is -99 - 594531?
-594630
In base 7, what is 6 + 166044500?
166044506
In base 12, what is 9 - -16a161b?
16a1628
In base 8, what is -3 + 40364735?
40364732
In base 15, what is -1232 - 2576?
-37a8
In base 3, what is -22122222 + 20221110?
-1201112
In base 7, what is 21140145 + -121?
21140024
In base 10, what is -2419951 - 42?
-2419993
In base 15, what is 0 - 3836813?
-3836813
In base 16, what is -4fda4 + c?
-4fd98
In base 15, what is 3d0bca - aa?
3d0b20
In base 10, what is 8552579 - 3?
8552576
In base 5, what is -200 - -21443414012?
21443413312
In base 11, what is -3 + 6743849?
6743846
In base 4, what is -213113122 + -221?
-213120003
In base 14, what is 5cd3 + -29da?
32d7
In base 4, what is -10 + -2111203103013?
-2111203103023
In base 15, what is -5d7 + -25e5?
-2bcc
In base 11, what is 4 + 2aa4923?
2aa4927
In base 10, what is 19913 + -293?
19620
In base 13, what is -5 - -1485ab6a?
1485ab65
In base 2, what is -11 - 10011000100011010001010010?
-10011000100011010001010101
In base 14, what is -5 + 55a23c?
55a237
In base 4, what is -12101 + 213213312?
213201211
In base 15, what is 2 - 208b0c?
-208b0a
In base 14, what is -18c4b6cb + -3?
-18c4b6d0
In base 9, what is -1306 + -8027?
-10334
In base 16, what is f90adb + -25?
f90ab6
In base 7, what is -160435554 + -5?
-160435562
In base 14, what is -29552 + 287?
-292a9
In base 16, what is e84 + a59?
18dd
In base 2, what is 1010100101111001010 - -110?
1010100101111010000
In base 8, what is -3410014 - -140?
-3407654
In base 7, what is -40046 - 1504?
-41553
In base 10, what is 5 + -64237218?
-64237213
In base 5, what is 11021 + 221014?
232040
In base 11, what is -1429 + -13aa?
-2828
In base 8, what is 40 - -2426363?
2426423
In base 5, what is 1 - -131432231?
131432232
In b